{"id":1082,"date":"2021-01-17T07:47:38","date_gmt":"2021-01-17T07:47:38","guid":{"rendered":"http:\/\/wp.intraworlds.com\/mwe\/?page_id=1082"},"modified":"2024-06-14T04:12:21","modified_gmt":"2024-06-14T02:12:21","slug":"terms","status":"publish","type":"page","link":"https:\/\/dbmove.platform.db.com\/login\/terms\/","title":{"rendered":"Terms and Conditions"},"content":{"rendered":"<p>[et_pb_section fb_built=&#8221;1&#8243; module_class=&#8221;iw-section-text&#8221; _builder_version=&#8221;4.18.0&#8243; _module_preset=&#8221;default&#8221; global_colors_info=&#8221;{}&#8221;][et_pb_row _builder_version=&#8221;4.16&#8243; _module_preset=&#8221;default&#8221; global_colors_info=&#8221;{}&#8221;][et_pb_column type=&#8221;4_4&#8243; _builder_version=&#8221;4.16&#8243; _module_preset=&#8221;default&#8221; global_colors_info=&#8221;{}&#8221;][et_pb_text _builder_version=&#8221;4.24.2&#8243; _module_preset=&#8221;default&#8221; text_font=&#8221;Georgia||||||||&#8221; min_height=&#8221;100vh&#8221; global_colors_info=&#8221;{}&#8221;]<\/p>\n<p><u>Nutzungsbedingungen<\/u><\/p>\n<p>Stand: M\u00e4rz 2024<\/p>\n<p>Mit der Nutzung der Kandidatenplattform dbMove (nachfolgend &#8220;Plattform&#8221;) erkl\u00e4re ich gegen\u00fcber dem Deutschen Bank Konzern mein Einverst\u00e4ndnis zu folgenden Punkten:<\/p>\n<ol>\n<li>Mir ist bekannt, dass diese Plattform zum Zweck der Kommunikation und der Beziehungspflege mit dem betrieben wird.<\/p>\n<\/li>\n<li>Ich verpflichte mich, die Plattform nur gem\u00e4\u00df seinem eigentlichen Zweck zu benutzen. Das schlie\u00dft insbesondere mit ein, dass\n<ul>\n<li>ich meine Zugangsdaten keiner dritten Person zur Verf\u00fcgung stelle,<\/li>\n<li>ich die Plattform ausschlie\u00dflich zu meinem privaten Zweck benutze und keine kommerziellen Ziele mit der Nutzung verfolge,<\/li>\n<li>ich keine digitalen Kopien der Mitgliederdaten anfertige,<\/li>\n<li>ich keine Kopien &#8211; auch auszugsweise \u2013 der Plattform und der darin enthaltenen Informationen erstelle.\n<\/li>\n<\/ul>\n<\/li>\n<li>Mit der Nutzung verpflichte ich mich zu einem fairen Verhalten innerhalb der Plattform. Das schlie\u00dft insbesondere mit ein, dass\n<ul>\n<li>ich die Integrit\u00e4t von anderen Benutzer*innen wahre; insbesondere werde<\/li>\n<li>ich keine Ver\u00f6ffentlichungen von pers\u00f6nlich verletzenden Inhalten, ruf- und reputationssch\u00e4digenden Inhalten, diskriminierend, obsz\u00f6n, illegal o.\u00e4. in die Plattform einstelle oder auf andere Weise kommuniziere,<\/li>\n<li>ich mich eindeutig durch meinen Namen auf der Plattform kennzeichne,<\/li>\n<li>ich mich nicht mit einer anderen Identit\u00e4t auf der Plattform einlogge,<\/li>\n<li>ich keine Dateien einstelle, die mit einem Virus infiziert sein k\u00f6nnten oder diesen Anschein erwecken.\n<\/li>\n<\/ul>\n<\/li>\n<li>Ich erkenne an, dass f\u00fcr Sch\u00e4den, die durch die Nutzung der Plattform entstehen k\u00f6nnten, eine Haftung durch den Deutsche Bank Konzern im Rahmen der gesetzlichen Regelungen ausgeschlossen ist.\n<\/li>\n<li>Ich erkenne an, dass eine Gew\u00e4hr \u00fcber die Verf\u00fcgbarkeit der Dienste bzw. deren Funktionst\u00fcchtigkeit nicht besteht.\n<\/li>\n<li>Ich erkenne an, dass ich jederzeit meine Einwilligung zur Nutzung der Plattform widerrufen kann. Dadurch werden meine pers\u00f6nlichen Daten und mein Profil automatisch und entsprechend der geltenden Datenschutzbestimmungen zeitnah gel\u00f6scht.\n<\/li>\n<li>Ich erkenne an, dass ich gelegentlich von den Verantwortlichen der Plattform direkt angesprochen werde, zum Zweck der Beziehungspflege.\n<\/li>\n<li>Ich erkenne das Recht der Verantwortlichen der Plattform an, fragliche Inhalte aus der Plattform zu nehmen und bei Versto\u00df gegen die Nutzungsbedingungen den\/die Nutzer*in zu sperren.\n<\/li>\n<li>Ich erkenne an, dass f\u00fcr alle eingestellten Daten bzw. Inhalte der\/die jeweilige einstellende Nutzer*in verantwortlich ist. Der Deutsche Bank Konzern \u00fcbernimmt weder f\u00fcr deren technische Qualit\u00e4t noch f\u00fcr deren Inhalte Haftung.<\/li>\n<\/ol>\n<p>[\/et_pb_text][\/et_pb_column][\/et_pb_row][\/et_pb_section]<\/p>\n","protected":false},"excerpt":{"rendered":"<p>Nutzungsbedingungen Stand: M\u00e4rz 2024 Mit der Nutzung der Kandidatenplattform dbMove (nachfolgend &#8220;Plattform&#8221;) erkl\u00e4re ich gegen\u00fcber dem Deutschen Bank Konzern mein Einverst\u00e4ndnis zu folgenden Punkten: Mir ist bekannt, dass diese Plattform zum Zweck der Kommunikation und der Beziehungspflege mit dem betrieben wird. Ich verpflichte mich, die Plattform nur gem\u00e4\u00df seinem eigentlichen Zweck zu benutzen. Das schlie\u00dft [&hellip;]<\/p>\n","protected":false},"author":2,"featured_media":0,"parent":0,"menu_order":0,"comment_status":"closed","ping_status":"closed","template":"","meta":{"_et_pb_use_builder":"on","_et_pb_old_content":"","_et_gb_content_width":"","inline_featured_image":false,"footnotes":""},"class_list":["post-1082","page","type-page","status-publish","hentry"],"yoast_head":"<!-- This site is optimized with the Yoast SEO plugin v27.6 - https:\/\/yoast.com\/product\/yoast-seo-wordpress\/ -->\n<title>Terms and Conditions - Deutsche Bank - dbMove<\/title>\n<meta name=\"robots\" content=\"noindex, nofollow\" \/>\n<meta property=\"og:locale\" content=\"en_US\" \/>\n<meta property=\"og:type\" content=\"article\" \/>\n<meta property=\"og:title\" content=\"Terms and Conditions - Deutsche Bank - dbMove\" \/>\n<meta property=\"og:description\" content=\"Nutzungsbedingungen Stand: M\u00e4rz 2024 Mit der Nutzung der Kandidatenplattform dbMove (nachfolgend &quot;Plattform&quot;) erkl\u00e4re ich gegen\u00fcber dem Deutschen Bank Konzern mein Einverst\u00e4ndnis zu folgenden Punkten: Mir ist bekannt, dass diese Plattform zum Zweck der Kommunikation und der Beziehungspflege mit dem betrieben wird. Ich verpflichte mich, die Plattform nur gem\u00e4\u00df seinem eigentlichen Zweck zu benutzen. Das schlie\u00dft [&hellip;]\" \/>\n<meta property=\"og:url\" content=\"https:\/\/dbmove.platform.db.com\/login\/terms\/\" \/>\n<meta property=\"og:site_name\" content=\"Deutsche Bank - dbMove\" \/>\n<meta property=\"article:modified_time\" content=\"2024-06-14T02:12:21+00:00\" \/>\n<meta name=\"twitter:card\" content=\"summary_large_image\" \/>\n<meta name=\"twitter:label1\" content=\"Est. reading time\" \/>\n\t<meta name=\"twitter:data1\" content=\"1 minute\" \/>\n<script type=\"application\/ld+json\" class=\"yoast-schema-graph\">{\"@context\":\"https:\\\/\\\/schema.org\",\"@graph\":[{\"@type\":\"WebPage\",\"@id\":\"https:\\\/\\\/dbmove.platform.db.com\\\/login\\\/terms\\\/\",\"url\":\"https:\\\/\\\/dbmove.platform.db.com\\\/login\\\/terms\\\/\",\"name\":\"Terms and Conditions - Deutsche Bank - dbMove\",\"isPartOf\":{\"@id\":\"https:\\\/\\\/dbmove.platform.db.com\\\/login\\\/#website\"},\"datePublished\":\"2021-01-17T07:47:38+00:00\",\"dateModified\":\"2024-06-14T02:12:21+00:00\",\"breadcrumb\":{\"@id\":\"https:\\\/\\\/dbmove.platform.db.com\\\/login\\\/terms\\\/#breadcrumb\"},\"inLanguage\":\"en-US\",\"potentialAction\":[{\"@type\":\"ReadAction\",\"target\":[\"https:\\\/\\\/dbmove.platform.db.com\\\/login\\\/terms\\\/\"]}]},{\"@type\":\"BreadcrumbList\",\"@id\":\"https:\\\/\\\/dbmove.platform.db.com\\\/login\\\/terms\\\/#breadcrumb\",\"itemListElement\":[{\"@type\":\"ListItem\",\"position\":1,\"name\":\"Home\",\"item\":\"https:\\\/\\\/dbmove.platform.db.com\\\/login\\\/\"},{\"@type\":\"ListItem\",\"position\":2,\"name\":\"Terms and Conditions\"}]},{\"@type\":\"WebSite\",\"@id\":\"https:\\\/\\\/dbmove.platform.db.com\\\/login\\\/#website\",\"url\":\"https:\\\/\\\/dbmove.platform.db.com\\\/login\\\/\",\"name\":\"Deutsche Bank - dbMove\",\"description\":\"\",\"potentialAction\":[{\"@type\":\"SearchAction\",\"target\":{\"@type\":\"EntryPoint\",\"urlTemplate\":\"https:\\\/\\\/dbmove.platform.db.com\\\/login\\\/?s={search_term_string}\"},\"query-input\":{\"@type\":\"PropertyValueSpecification\",\"valueRequired\":true,\"valueName\":\"search_term_string\"}}],\"inLanguage\":\"en-US\"}]}<\/script>\n<!-- \/ Yoast SEO plugin. -->","yoast_head_json":{"title":"Terms and Conditions - Deutsche Bank - dbMove","robots":{"index":"noindex","follow":"nofollow"},"og_locale":"en_US","og_type":"article","og_title":"Terms and Conditions - Deutsche Bank - dbMove","og_description":"Nutzungsbedingungen Stand: M\u00e4rz 2024 Mit der Nutzung der Kandidatenplattform dbMove (nachfolgend \"Plattform\") erkl\u00e4re ich gegen\u00fcber dem Deutschen Bank Konzern mein Einverst\u00e4ndnis zu folgenden Punkten: Mir ist bekannt, dass diese Plattform zum Zweck der Kommunikation und der Beziehungspflege mit dem betrieben wird. Ich verpflichte mich, die Plattform nur gem\u00e4\u00df seinem eigentlichen Zweck zu benutzen. Das schlie\u00dft [&hellip;]","og_url":"https:\/\/dbmove.platform.db.com\/login\/terms\/","og_site_name":"Deutsche Bank - dbMove","article_modified_time":"2024-06-14T02:12:21+00:00","twitter_card":"summary_large_image","twitter_misc":{"Est. reading time":"1 minute"},"schema":{"@context":"https:\/\/schema.org","@graph":[{"@type":"WebPage","@id":"https:\/\/dbmove.platform.db.com\/login\/terms\/","url":"https:\/\/dbmove.platform.db.com\/login\/terms\/","name":"Terms and Conditions - Deutsche Bank - dbMove","isPartOf":{"@id":"https:\/\/dbmove.platform.db.com\/login\/#website"},"datePublished":"2021-01-17T07:47:38+00:00","dateModified":"2024-06-14T02:12:21+00:00","breadcrumb":{"@id":"https:\/\/dbmove.platform.db.com\/login\/terms\/#breadcrumb"},"inLanguage":"en-US","potentialAction":[{"@type":"ReadAction","target":["https:\/\/dbmove.platform.db.com\/login\/terms\/"]}]},{"@type":"BreadcrumbList","@id":"https:\/\/dbmove.platform.db.com\/login\/terms\/#breadcrumb","itemListElement":[{"@type":"ListItem","position":1,"name":"Home","item":"https:\/\/dbmove.platform.db.com\/login\/"},{"@type":"ListItem","position":2,"name":"Terms and Conditions"}]},{"@type":"WebSite","@id":"https:\/\/dbmove.platform.db.com\/login\/#website","url":"https:\/\/dbmove.platform.db.com\/login\/","name":"Deutsche Bank - dbMove","description":"","potentialAction":[{"@type":"SearchAction","target":{"@type":"EntryPoint","urlTemplate":"https:\/\/dbmove.platform.db.com\/login\/?s={search_term_string}"},"query-input":{"@type":"PropertyValueSpecification","valueRequired":true,"valueName":"search_term_string"}}],"inLanguage":"en-US"}]}},"_links":{"self":[{"href":"https:\/\/dbmove.platform.db.com\/login\/wp-json\/wp\/v2\/pages\/1082","targetHints":{"allow":["GET"]}}],"collection":[{"href":"https:\/\/dbmove.platform.db.com\/login\/wp-json\/wp\/v2\/pages"}],"about":[{"href":"https:\/\/dbmove.platform.db.com\/login\/wp-json\/wp\/v2\/types\/page"}],"author":[{"embeddable":true,"href":"https:\/\/dbmove.platform.db.com\/login\/wp-json\/wp\/v2\/users\/2"}],"replies":[{"embeddable":true,"href":"https:\/\/dbmove.platform.db.com\/login\/wp-json\/wp\/v2\/comments?post=1082"}],"version-history":[{"count":22,"href":"https:\/\/dbmove.platform.db.com\/login\/wp-json\/wp\/v2\/pages\/1082\/revisions"}],"predecessor-version":[{"id":1703,"href":"https:\/\/dbmove.platform.db.com\/login\/wp-json\/wp\/v2\/pages\/1082\/revisions\/1703"}],"wp:attachment":[{"href":"https:\/\/dbmove.platform.db.com\/login\/wp-json\/wp\/v2\/media?parent=1082"}],"curies":[{"name":"wp","href":"https:\/\/api.w.org\/{rel}","templated":true}]}}